 What is the tens digit of d?
5
Suppose -2*l = -r + 3408, -3*l = 28*r - 24*r - 13676. Suppose 0 = -35*h + r + 2499. What is the units digit of h?
9
Suppose -4*d - 270764 = -5*r, -14*r + 13*r - 5*d + 54147 = 0. What is the tens digit of r?
5
What is the tens digit of (-11 + 13)*3/(-12)*-15404?
0
Suppose 163*r - 77*r - 60*r = 50180. What is the units digit of r?
0
Suppose 2*p + 5*q - 11 = -3, 4*q + 12 = 3*p. Suppose k = -4*b + 1070, -p*k - 1303 - 24 = -5*b. What is the tens digit of b?
6
Let g(r) = r**2 + 2*r + 1. Let t be g(-1). Let x be 12/(-12) + 51 + 1. Suppose -25*m + 28*m - x = t. What is the tens digit of m?
1
Let x = -76 - -138. Let r = 44 - x. What is the units digit of 3/r + (-181)/(-6)?
0
Suppose 5 = 5*r, 4*v + 4*r - 1688 = -208. Let y = v + -312. What is the tens digit of y?
5
Let l = -4742 + 4752. What is the units digit of l?
0
Suppose 40*y = 85*y - 1444590. What is the hundreds digit of y?
1
Let q = 69958 + -43657. What is the hundreds digit of q?
3
Let h(u) = -u**3 - 7*u**2 - 4*u + 4. Let y be h(-6). What is the units digit of ((-96)/9 + 0)/(y/168)?
4
Suppose -104*p + 2120670 = -74*p. What is the units digit of p?
9
Suppose -27*g - 462 = -49*g. Suppose 0 = -g*q + 13*q + 4024. What is the units digit of q?
3
Let a = 9618 - 2959. What is the hundreds digit of a?
6
Suppose 0 = -14*r + 10*r + 3*k + 23386, -4*r + 23332 = -12*k. What is the hundreds digit of r?
8
Let p = -12759 - -24642. What is the hundreds digit of p?
8
What is the thousands digit of (-9)/(-4)*(560/(-15))/(-14) + 9360?
9
Suppose -4*n = -s - 102, 0 = 4*s - 2*s - 4. Suppose -5*f + 2*r = n, 2*f - 3 = -f - 5*r. What is the hundreds digit of (-1)/(f/423) + (-3)/4?
1
Suppose 3*o + 4*j = 21558, -12*o - 4*j - 14392 = -14*o. What is the hundreds digit of o?
1
Let y(w) = -w**3 - 8*w**2 - 5*w - 5. Let f be y(-7). Let r(z) = z**3 + 18*z**2 - 20*z - 10. Let l be r(f). What is the tens digit of 1 + -3 - -23*l?
0
Let y(b) be the second derivative of 43*b**5/20 + b**4/6 - 4*b**2 + 14*b - 1. What is the units digit of y(2)?
4
Let n be (3408/15)/((-36)/20 - -2). Suppose 2*t = -4*j + n, -j - 568 = -t + 4*j. Suppose t = 14*x - 300. What is the tens digit of x?
6
Let p(h) = 7*h**3 + 65*h**2 + 29*h + 20. What is the tens digit of p(15)?
0
Suppose -12*z - 3 + 3 = 0. Suppose z = 5*r - 2*g - 2*g, g = 5*r - 15. What is the tens digit of (12/(-2))/(r/(-38))?
5
Let q(p) = 2*p**2 - 10*p + 24. Let n = -217 - -238. What is the hundreds digit of q(n)?
6
Let g(m) = -2*m + 0*m - 2*m**2 + 6*m**2 + m. Let x be g(1). Suppose 0 = x*o - 0*o - 345. What is the hundreds digit of o?
1
Suppose -5*a = -0*a + o + 17475, 4*o = -20. Let c = -1574 - a. What is the tens digit of c?
2
Let d = 10 - 6. Suppose 0 = 7*c - 39 - 31. What is the units digit of (-522)/d*c/(-15)?
7
Let m(l) = -3*l**2. Let t(o) = o**2 + 3*o + 87 - 4*o - 88. Let k(i) = -m(i) + 4*t(i). What is the tens digit of k(-3)?
7
Suppose -5*j + 25 = 4*z - 2*j, 2*z + 4 = 4*j. Let s(a) = -a - 3. Let u be s(-7). Suppose -u = -2*n, 3*r = z*r + n - 18. What is the tens digit of r?
1
Let w(g) = 7*g + 137. Let b be w(-20). What is the units digit of b/(-21)*7 - -760?
1
Let f(y) = 157*y**3 + 7*y**2 - 38*y + 115. What is the units digit of f(4)?
3
Let j(c) = -4*c - 12. Let k be j(-4). Let t be k*(-7)/(-14) - (1 - 3). Suppose 0 = -t*d - y + 347, 0 = -8*d + 3*d + 2*y + 450. What is the units digit of d?
8
Suppose -13*r = 174 + 450. What is the tens digit of (r/28 - -2) + (-21696)/(-112)?
9
Let o be (2/4)/(7/42). Suppose -o = -f + 359. What is the tens digit of f?
6
Suppose 0 = -8*h - 28 + 44. Let g be (-3839)/(-22) - 1/2. Suppose -h*l = -4*l + g. What is the units digit of l?
7
Let r = -9049 - -15152. What is the tens digit of r?
0
Suppose -2455*p + 2457*p - 80993 = -j, 2*j = 4*p - 161974. What is the ten thousands digit of p?
4
Suppose -5*o + 584 - 564 = 0, 3*r = -4*o + 4987. What is the tens digit of r?
5
Let t be 4477/(-33)*(-2 + 23). What is the units digit of ((-1)/(-4) - t/(-132))*-42?
6
Let y = 26217 + 14126. What is the thousands digit of y?
0
Let h be 2/(2 + 3420/(-1709)). Let d = -3122 - h. What is the hundreds digit of (-9)/(-6) - (1 + d/6)?
2
Suppose 3 = -17*v + 16*v. Let y be (-8)/v*5/((-40)/(-12)). Suppose -y*j + 4*p + 191 = 3*p, 4*p + 236 = 5*j. What is the tens digit of j?
4
Suppose 0 = -6*z + 10*z - 14912. What is the units digit of z?
8
Let g be (1 + 1091/1)/1. Suppose -l = z - 272, 4*z - g = 4*l - 9*l. What is the hundreds digit of z?
2
Let i(h) = 0 - 35*h + 2 - 35*h + 22*h. Let f be i(-2). Let d = f - -16. What is the hundreds digit of d?
1
Suppose -26*m + 135 = -31*m. Let j be (3/3)/(3/m). Let f(i) = i**2 + 4*i - 20. What is the units digit of f(j)?
5
What is the hundreds digit of (0 - 5)*409*-2?
0
Suppose -o + 1 = 2, 0 = -3*u - 4*o + 26. Suppose 6*a = u*a - 160. What is the units digit of (1 + 0)/((-4)/a*-2)?
5
Let c = 426 + -428. Let p(g) = -144*g + 5. What is the tens digit of p(c)?
9
Let z = 14338 + 39673. What is the units digit of z?
1
What is the hundreds digit of (5 - 154/33)/(2/123606)?
6
Let w be -799*(-3 + -4)/(-7). Let b = w - -1953. What is the hundreds digit of b?
1
Suppose -12*h + 3*b = -8*h + 60, 4*b = -5*h - 44. Let f(m) = -50*m - 49. What is the hundreds digit of f(h)?
5
What is the thousands digit of (-1415)/45*21*-30?
9
Let k = 28 - -106. Suppose k*s - 133*s - 389 = 0. What is the units digit of s?
9
Let g(s) = s**3 + 4*s**2 - s - 19. Suppose -5*i = c - 73, 3*i - 55 = -0*c + 5*c. Suppose i*o - o - 70 = 0. What is the tens digit of g(o)?
0
Let r = 110713 + -41432. What is the hundreds digit of r?
2
Suppose 4*t + 2*m - 26462 = 0, 94*m - 26459 = -4*t + 89*m. What is the thousands digit of t?
6
Suppose -3*v + 4 - 1 = 0. Suppose -5*a = s - 8, 0 = -3*a + 4*a - v. Suppose -s*w - 6 = 0, 3*i - 48 = -3*w - 0. What is the units digit of i?
8
Let c = 1739 + -784. Let y = -676 + c. What is the tens digit of y?
7
Suppose 38*r - 335675 = -12561. What is the thousands digit of r?
8
Let w = 94 - 52. Let h = w - 21. What is the units digit of ((-16)/1)/((-7)/h)?
8
Suppose -4063 + 90156 = 3*n - 6331. What is the units digit of n?
8
Let x(s) be the second derivative of 197*s**4/12 + s**3/3 + 3*s**2/2 - 4*s + 13. What is the units digit of x(-2)?
7
Suppose -19*p + 13793 = -6537. What is the thousands digit of p?
1
Let y(w) = 5 - 5 + 7 + 5 + w. Let j be y(-8). What is the tens digit of j + (-475)/15*-3?
9
Suppose 3*t + 34*t = 103008. What is the thousands digit of t?
2
Suppose -20 - 5 = 5*q. Let p = 295 + -299. What is the units digit of p - -1 - q - 42/(-1)?
4
Suppose -3 = 3*k, -442 - 462 = 4*z - 4*k. Let q = z - 139. Let j = 583 + q. What is the hundreds digit of j?
2
Let n(i) = -i**2 - 7*i + 3. Let a be n(-7). Suppose 13*g - 11*g + 634 = 4*c, -5*c + 765 = a*g. What is the hundreds digit of c?
1
Let n(w) = -9*w**2 + 6*w + 58. Let t(z) = 7*z**2 - 5*z - 57. Let q(o) = -4*n(o) - 5*t(o). What is the units digit of q(25)?
3
Let z(c) = -c**3 - 4*c**2 - 12. Let w be z(-4). What is the units digit of (-1975)/(-7) - w/(-84)?
2
Suppose 5*v = -b + 69, -10*v - 25 = -11*v - 3*b. What is the thousands digit of (29 + v)*(-372)/(-14)?
1
Suppose -5*q - 4*l = -33, 2*q + 0*l = -l + 15. Suppose -q*w + 234 = -22*w. Let p(z) = z**3 + 16*z**2 - 37*z - 6. What is the tens digit of p(w)?
1
Suppose -7*a + 6*a = -20. Let r = a + -43. Let j = 235 - r. What is the tens digit of j?
5
Let v = -117 + 37. Suppose 12*d = 9*d + 4*o - 421, 4*d = -o - 574. Let r = v - d. What is the units digit of r?
3
Suppose 2*u - b = 5, 5*b + 11 = -2*u - 14. Suppose a + u*a = 3. Suppose -118 = -z - 0*z + 2*j, -5*j = -a*z + 358. What is the hundreds digit of z?
1
Suppose -17*r + 55664 = 11384 - 52280. What is the thousands digit of r?
5
Let x(l) = 12*l**3 - 13*l**2 + 30*l - 158. What is the tens digit of x(11)?
7
Let z = 1359 - -2206. What is the tens digit of z?
6
Let h be (-18)/(-24) - 2*(-6)/(-16). Suppose 22*f - 2532 = 18*f + d, -5*d + 20 = h. What is the tens digit of f?
3
Suppose -37*r + 47*r = -4*p + 110590, -r = 4*p - 110527. What is the tens digit of p?
3
Let x(b) = 27*b**2 - 14*b + 70. Let z be x(10). Let s = z - 1240. What is the units digit of s?
0
Let l = 5853 - -6743. What is the hundreds digit of l?
5
Let o(j) = 8*j**2 - 2*j - 2. Let i be o(-1). Let y(b) = 3*b**2 + 6*b - 83. 